NOAA-Style Climate Reports

Select a Year or Month report
2022: Jan Feb Mar Apr May Jun Jul Aug Sep Oct Nov Dec
2021: Jan Feb Mar Apr May Jun Jul Aug Sep Oct Nov Dec

Report for 2021 December
                   Monthly Climatological Summary for Dec 2021

Name: St Albans Weather   City: Christchurch   State: Canterbury
Elevation: 10 m  Lat: S 43° 31' 05"   Lon: E 172° 38' 03"

                  Temperature (°C), Rain (mm), Wind Speed (km/h)

                                      Heat  Cool        Avg
    Mean                              Deg   Deg         Wind                 Dom
Day Temp  High   Time   Low    Time   Days  Days  Rain  Speed High   Time    Dir
----------------------------------------------------------------------------------
01  14.9  19.3   12:07  10.7   05:27   3.4   0.0   0.0   2.8  18.0   15:03   NNW
02  15.4  19.5   17:14  13.2   06:18   2.9   0.0   2.2   4.7  25.0   11:16   NNW
03  17.5  20.5   12:58  15.1   00:00   1.1   0.3   0.2   3.1  18.0   11:51   NNW
04  23.2  31.7   14:48  17.1   03:10   0.1   5.1   0.0   3.7  27.0   15:59     N
05  22.0  29.9   13:49  12.9   23:58   0.5   4.2   5.0   6.5  41.0   22:44   WNW
06  11.0  12.9   00:00   9.8   05:40   7.3   0.0  14.4   5.4  39.0   01:30   SSW
07  13.5  20.4   17:11  10.0   03:49   4.8   0.0   4.6   2.2  14.0   16:45    SW
08  16.6  23.6   15:28  11.9   02:34   2.4   0.7   0.0   2.8  21.0   14:17   NNW
09  18.6  25.4   16:11  15.1   04:56   1.2   1.5   0.0   3.4  18.0   05:06     W
10  16.8  20.8   14:15  15.1   06:09   1.6   0.1   0.2   4.6  28.0   02:51     W
11  15.7  19.8   11:35  12.3   23:44   2.7   0.1   1.2   6.9  39.0   17:48   SSW
12  14.2  19.2   18:01  11.6   06:21   4.1   0.0   0.0   3.4  18.0   00:56    NW
13  16.0  21.2   16:36  13.3   06:02   2.6   0.2   0.0   3.1  18.0   05:39   NNW
14  16.2  18.7   11:48  13.8   04:43   2.1   0.0   0.0   2.1  19.0   09:18     W
15  14.1  15.3   00:00  13.1   06:23   4.2   0.0  90.8   4.3  30.0   20:53   SSW
16  13.3  15.0   16:49  11.9   06:32   5.0   0.0  17.8  10.4  41.0   16:04   SSW
----------------------------------------------------------------------------------
    16.2  31.7     4     9.8     6    46.0  12.2 136.4   4.3  41.0     5       W

Max >=  27.0  2
Max <=  10.0  0
Min <=   0.0  0
Min <=  -5.0  0
Max Rain: 90.8 on day 15
Days of Rain: 9 (>= 0.2 mm)  6 (>= 2.0 mm)  1 (>= 20.0 mm)
Heat Base: 18.3  Cool Base: 18.3  Method: Integration